re the prime factors of h?
2, 3
Let x(q) = 7*q**3 - q. Let h be x(1). Suppose 4*b = -5*j + h, 5*j + 26 = 3*b + b. Suppose -z - 32 = -3*f, 2*z + b - 3 = -f. List the prime factors of f.
3
Let p(s) be the second derivative of s**3/6 - 3*s. Let u be p(2). Suppose 4*r - u*t - 38 = 0, -4*r + r + 2*t + 27 = 0. What are the prime factors of r?
11
Let o(m) = -m**3 - 16*m**2 + 17*m + 26. What are the prime factors of o(-17)?
2, 13
Suppose -s - 1 = 4. Let x = s + 6. Suppose -2*f = x - 11. What are the prime factors of f?
5
Suppose 8*m - m = 1582. List the prime factors of m.
2, 113
Suppose -12*q + 8*q + 108 = 0. What are the prime factors of q?
3
Suppose 3*r - 321 = 5*j - 49, 5*r = 5*j + 440. List the prime factors of r.
2, 3, 7
Let j be ((-45)/5)/(6/(-4)). What are the prime factors of 4/j*18 + 0?
2, 3
Let k = 1 + 84. What are the prime factors of k?
5, 17
Let q = -5 - 34. Let n = 68 + q. What are the prime factors of n?
29
Suppose -2*a - a - 3 = 0. Let r = -1 + a. List the prime factors of -1*(r + -2) - 2.
2
Let c(w) = w**3 + 5*w**2 - 2*w - 7. Let v be c(-5). List the prime factors of v/12 + (-182)/(-8).
23
Let i = 6 + -1. Let f(u) = u**3 - 4*u**2 + 6*u + 1. Let t be f(2). Suppose 0*a - i*a = -s + 3, 4*s - 37 = -t*a. List the prime factors of s.
2
Let p(w) = w**3 - w**2 - 3*w - 6. Let s(d) = d**2 + d. Let i(m) = p(m) + 2*s(m). Let b be i(0). What are the prime factors of ((-4)/b)/(3/54)?
2, 3
Suppose 2*z + 0 - 12 = 0. Let l = 3 + 1. Suppose -24 = l*p - z*p. List the prime factors of p.
2, 3
Let l(j) = 74*j**2 + j. List the prime factors of l(-2).
2, 3, 7
Let p(l) = -26*l - 2. List the prime factors of p(-2).
2, 5
Let j be (-1)/(-3) + (-156)/(-18). Let c = j - 0. Let s = c + -2. What are the prime factors of s?
7
Suppose 2 = -3*g + 3*k + 14, -3*k - 12 = -4*g. Suppose -2*x + x + 4 = g. Suppose 17 = w + x*h, 5*w - w = -2*h + 26. List the prime factors of w.
5
Let k(h) = 5*h - 1. Let x(b) = b**2 + 2*b - 4. Let z(g) = 3*g**2 + 6*g - 11. Let p(y) = -17*x(y) + 6*z(y). Let d be p(-2). What are the prime factors of k(d)?
3
Suppose v - 3*v + d + 162 = 0, 3*v = d + 243. List the prime factors of v.
3
Let y(r) = -11*r + 45. List the prime factors of y(-15).
2, 3, 5, 7
Let u(b) = 7*b - 7. Let k be u(7). Suppose h + h = k. List the prime factors of h.
3, 7
Let k = -1 + 2. List the prime factors of 3/(k - -2) + 1.
2
Let q = -1 - -8. What are the prime factors of q?
7
Let h(m) = 5*m**3 - m**2. Let q be h(1). Suppose -d = -3 - q. List the prime factors of d.
7
What are the prime factors of 35/5 + -5 + 392 + -2?
2, 7
Let i(a) = -a**3 + 7*a**2 - 4*a + 8. Let y be i(7). Let o = -4 - y. List the prime factors of o.
2
Suppose -t = 2*f + 54, -3*f - 2*t - 78 = t. Let v = f - -43. List the prime factors of v.
3, 5
Suppose 0 = -4*c - 2*i + 518, c + 4*i = 101 + 46. What are the prime factors of c?
127
Suppose 8*u = 3*u + 20. Let w be 16 + 2 + -1*u. Suppose w = -h - 4*a, 0*h + 22 = 5*h - 3*a. List the prime factors of h.
2
Suppose 4*t - 22 = 2*v, 5*t + 5*v = 2*v + 11. Let y = 11 + t. What are the prime factors of y?
3, 5
Suppose -3*v - 3 = -111. What are the prime factors of v?
2, 3
Let y = 96 - 67. What are the prime factors of y?
29
Let x = -13 + 6. Let h(k) = -2*k - 5. What are the prime factors of h(x)?
3
Let d be (-1)/3 - 38/(-6). Suppose -2*c - 8 = -32. List the prime factors of (20/d)/(8/c).
5
Let z(g) = 3*g - 1. Let x be z(2). Suppose -2*s - t + 61 = 0, -4*t + 154 = x*s - 0*t. Suppose b - s = -4*b. List the prime factors of b.
2, 3
Let t = 71 - -61. List the prime factors of t.
2, 3, 11
Let i = 84 - 54. List the prime factors of i.
2, 3, 5
List the prime factors of (-105)/((-12)/8*(-2)/(-3)).
3, 5, 7
Let k be (-60)/(-14) - (-10)/(-35). Suppose k*o = -6 + 46. What are the prime factors of o?
2, 5
Suppose h - 134 = 5*n + 3*h, 3*n + h = -81. Let c = n + 54. List the prime factors of c.
2, 13
What are the prime factors of (-4)/14 - (-4908)/28?
5, 7
Suppose -m + 3*t = 2*m - 300, t = -2*m + 188. List the prime factors of m.
2, 3
Suppose 0 = 5*c - 20, -4*o - 2*c + 9 + 11 = 0. List the prime factors of o.
3
Suppose -5 + 1 = -4*y. Let t be y + -2 + 80*1. Suppose -t + 24 = -5*l. What are the prime factors of l?
11
Let m(l) = 4*l + 4. Let u be m(-4). Let d = 20 + u. List the prime factors of d.
2
Suppose d + 0*d - 56 = 0. List the prime factors of d.
2, 7
List the prime factors of -49*-3*1/3.
7
Let w(j) = 14*j + 2. Let h be w(2). Suppose -102 + h = -4*x. List the prime factors of x.
2, 3
Let i(u) = -u**2 - u + 2. Let k be i(0). Suppose 0 = -k*v + 6*v. Suppose v = 5*f - 13 - 47. List the prime factors of f.
2, 3
Let r(l) = -l**3 + 7*l**2 - 5*l - 7. Let o be (18/(-4))/((-3)/4). Let v be r(o). Let n = v + 5. List the prime factors of n.
2
List the prime factors of 32/(-112) + (-2)/(28/(-1418)).
101
Suppose -5*j + 5*n = -1015, -2*j + 4*n + 406 = -0*j. What are the prime factors of j/35 - (-1)/5?
2, 3
Let t(o) be the first derivative of -3*o**2 - o - 6. List the prime factors of t(-5).
29
Suppose -25*j + 2328 = -17*j. List the prime factors of j.
3, 97
What are the prime factors of (-81)/135 + (-198)/(-5)?
3, 13
Let p be (-45)/(-3) + (1 - 2). Let z = p + 44. List the prime factors of z.
2, 29
Let j(x) = -3*x. Let k(h) = 7*h. Let u(n) = 5*j(n) + 2*k(n). List the prime factors of u(-4).
2
Let y = 68 + -44. Let w(o) = -2*o**2 + 3*o - 1. Let g be w(1). Suppose 2*f - k - y = g, 5*f + 5*k - 60 = -0*f. What are the prime factors of f?
2, 3
Let r(i) = -6*i**3 + 2*i + 1. Let l be r(-1). Let g = l + 3. What are the prime factors of g?
2
Let q(f) = -7*f**2 - 2*f + 8. Let i(o) = -6*o**2 - 2*o + 8. Let l(g) = -6*i(g) + 5*q(g). What are the prime factors of l(5)?
3
Let y be 6/(-36) - (-19)/6. Suppose y*z - 34 = 23. What are the prime factors of z?
19
Let k(z) = z**3 + 8*z**2 - z - 9. Let y be k(-8). Let u be y/(-1*1/10). Suppose -80 = -5*i + u. What are the prime factors of i?
2, 3
List the prime factors of -1 - -36 - -3 - -3.
41
Suppose 2*z - 130 = 5*c, 4*c - 149 = -2*z - 55. List the prime factors of z.
5, 11
Suppose 0 = m - 1 - 2. Suppose 5*r - 22 = m*r. List the prime factors of r.
11
Let x be (-5)/((2 + 0)/(-2)). Let s = 15 - x. Suppose -3*j + 3*o + 42 = 0, -o + s - 4 = j. List the prime factors of j.
2, 5
Let s(p) be the third derivative of p**4/24 + 4*p**3 + p**2. Let o be s(0). Suppose -o = -6*u + 2*u. What are the prime factors of u?
2, 3
Suppose 9*u - 4*u - 15 = 0. List the prime factors of (-3)/(-9)*u*4.
2
Let d(j) = -j**3 - 5*j**2 - 6*j - 6. Let p be d(-4). Suppose -p*t = -3*t + 18. What are the prime factors of t?
2, 3
Suppose -4*z + 5*z + 4*q = 31, 4*z - 141 = q. What are the prime factors of z?
5, 7
Let a = 90 - 133. Let j = a + 72. List the prime factors of j.
29
Suppose 0 = 2*l - k - 1, -5*k + 5 = -5*l - 0*l. List the prime factors of -1 + 2 - -3 - l.
2
Suppose 46 + 24 = -5*l. Let d = l - -29. List the prime factors of d.
3, 5
Let d = 57 + -37. List the prime factors of d.
2, 5
Let s = -3 + 7. Suppose 0 = 2*p + 5*d - 27, 0 = s*d - 2 + 6. List the prime factors of p.
2
Let x = -10 + 6. Let w = 3 - x. Suppose 0 = 10*d - w*d - 48. What are the prime factors of d?
2
Suppose -2*h - j = 0, 4*h + 5 = 3*h - 3*j. What are the prime factors of 8/h - (1 - -1)?
2, 3
Let n be -4*((-279)/12)/3. Suppose 5*z - 34 - n = 0. List the prime factors of z.
13
Let x = 24 + -2. What are the prime factors of x?
2, 11
Suppose -12*u = -15*u + 66. Let n = 32 - u. What are the prime factors of n?
2, 5
Let d be (2/2 - 4) + -6. List the prime factors of (d/27)/(1/(-123)).
41
What are the prime factors of (5 + -5 - 77)*-3?
3, 7, 11
Let h = 33 - 55. Let p = h - -34. What are the prime factors of p?
2, 3
Let j(q) = 4 - q + 2*q - 2*q + 8. List the prime factors of j(7).
5
Suppose 2*r - 12 = 3*m - 2*r, -2*r - 12 = 3*m. Suppose 3*j = 2*j - 1. List the prime factors of (j - 0) + (2 - m).
5
Suppose -5*v = 3 - 13. Suppose 4*c = -2*b + 54 + 38, v*c = 4*b + 46. List the prime factors of c.
23
Suppose 0 = 3*x - 6. Suppose x*l = 10 - 0. What are the prime factors of l?
5
Suppose 29 = 4*s + 3*v, -2*v + 3 = 4*s - 27. Suppose s*g - 52 = 4*g. List the prime factors of g.
13
Suppose -4*d = 4*g - 56, 2*d = 5*g + 14 - 0. What are the prime factors of d?
2, 3
Let g be -4 + -3 + 1/(-1). Let q = 3 + -8. Let c = q - g. List the prim